{"id":8,"date":"2023-08-01T15:10:03","date_gmt":"2023-08-01T13:10:03","guid":{"rendered":"http:\/\/recyclmp.fr\/?page_id=8"},"modified":"2023-08-16T09:05:16","modified_gmt":"2023-08-16T07:05:16","slug":"a-propos-de","status":"publish","type":"page","link":"https:\/\/recyclmp.fr\/index.php\/a-propos-de\/","title":{"rendered":"Informations utiles"},"content":{"rendered":"\n<p>Veuillez consulter les <strong><a href=\"http:\/\/recyclmp.fr\/wp-content\/uploads\/2023\/08\/Comment-utiliser-le-formulaire-de-retractation.pdf\">conditions g\u00e9n\u00e9rales de rachat<\/a><\/strong>.<\/p>\n\n\n\n<p>Veuillez consulter les <a href=\"http:\/\/recyclmp.fr\/wp-content\/uploads\/2023\/08\/Conditions-generales-de-rachat-de-RECYCL.pdf\">conditions de r\u00e9tractation<\/a>.<\/p>\n\n\n\n<p><a href=\"http:\/\/recyclmp.fr\/wp-content\/uploads\/2023\/08\/formulaire-de-retractation-a-telecharger.pdf\">Formulaire de r\u00e9tractation<\/a> \u00e0 t\u00e9l\u00e9charger et \u00e0 compl\u00e9ter en cas de n\u00e9cessit\u00e9.<\/p>\n","protected":false},"excerpt":{"rendered":"<p>Veuillez consulter les conditions g\u00e9n\u00e9rales de rachat. Veuillez consulter les conditions de r\u00e9tractation. Formulaire de r\u00e9tractation \u00e0 t\u00e9l\u00e9charger et \u00e0 compl\u00e9ter en cas de n\u00e9cessit\u00e9.<\/p>\n","protected":false},"author":1,"featured_media":0,"parent":0,"menu_order":0,"comment_status":"closed","ping_status":"closed","template":"","meta":{"footnotes":""},"class_list":["post-8","page","type-page","status-publish","hentry"],"_links":{"self":[{"href":"https:\/\/recyclmp.fr\/index.php\/wp-json\/wp\/v2\/pages\/8","targetHints":{"allow":["GET"]}}],"collection":[{"href":"https:\/\/recyclmp.fr\/index.php\/wp-json\/wp\/v2\/pages"}],"about":[{"href":"https:\/\/recyclmp.fr\/index.php\/wp-json\/wp\/v2\/types\/page"}],"author":[{"embeddable":true,"href":"https:\/\/recyclmp.fr\/index.php\/wp-json\/wp\/v2\/users\/1"}],"replies":[{"embeddable":true,"href":"https:\/\/recyclmp.fr\/index.php\/wp-json\/wp\/v2\/comments?post=8"}],"version-history":[{"count":6,"href":"https:\/\/recyclmp.fr\/index.php\/wp-json\/wp\/v2\/pages\/8\/revisions"}],"predecessor-version":[{"id":61,"href":"https:\/\/recyclmp.fr\/index.php\/wp-json\/wp\/v2\/pages\/8\/revisions\/61"}],"wp:attachment":[{"href":"https:\/\/recyclmp.fr\/index.php\/wp-json\/wp\/v2\/media?parent=8"}],"curies":[{"name":"wp","href":"https:\/\/api.w.org\/{rel}","templated":true}]}}